{"id":357,"date":"2023-04-03T09:56:52","date_gmt":"2023-04-03T12:56:52","guid":{"rendered":"https:\/\/umlugarcomunidade.com.br\/wp\/?page_id=357"},"modified":"2026-02-13T13:30:50","modified_gmt":"2026-02-13T16:30:50","slug":"contact-us","status":"publish","type":"page","link":"https:\/\/umlugarcomunidade.com.br\/?page_id=357","title":{"rendered":"Contato"},"content":{"rendered":"\t\t<div data-elementor-type=\"wp-page\" data-elementor-id=\"357\" class=\"elementor elementor-357\">\n\t\t\t\t<div class=\"elementor-element elementor-element-c6d6eb0 e-flex e-con-boxed e-con e-parent\" data-id=\"c6d6eb0\" data-element_type=\"container\">\n\t\t\t\t\t<div class=\"e-con-inner\">\n\t\t\t\t<div class=\"elementor-element elementor-element-9ac46d1 elementor-invisible elementor-widget elementor-widget-heading\" data-id=\"9ac46d1\" data-element_type=\"widget\" data-settings=\"{&quot;_animation&quot;:&quot;fadeIn&quot;}\" data-widget_type=\"heading.default\">\n\t\t\t\t<div class=\"elementor-widget-container\">\n\t\t\t\t\t<h2 class=\"elementor-heading-title elementor-size-default\">ONDE NOS ENCONTRAR<\/h2>\t\t\t\t<\/div>\n\t\t\t\t<\/div>\n\t\t\t\t\t<\/div>\n\t\t\t\t<\/div>\n\t\t\t\t<section class=\"elementor-section elementor-top-section elementor-element elementor-element-483b6afe elementor-section-content-middle elementor-section-height-min-height elementor-section-items-stretch elementor-section-boxed elementor-section-height-default\" data-id=\"483b6afe\" data-element_type=\"section\">\n\t\t\t\t\t\t<div class=\"elementor-container elementor-column-gap-no\">\n\t\t\t\t\t<div class=\"elementor-column elementor-col-50 elementor-top-column elementor-element elementor-element-2e918af7\" data-id=\"2e918af7\" data-element_type=\"column\">\n\t\t\t<div class=\"elementor-widget-wrap elementor-element-populated\">\n\t\t\t\t\t\t<div class=\"elementor-element elementor-element-724223b0 elementor-widget elementor-widget-text-editor\" data-id=\"724223b0\" data-element_type=\"widget\" data-widget_type=\"text-editor.default\">\n\t\t\t\t<div class=\"elementor-widget-container\">\n\t\t\t\t\t\t\t\t\t<p>Todo s\u00e1bado temos dois cultos presenciais: \u00e0s 11h e ao meio-dia. Crian\u00e7as, adolescentes e jovens s\u00e3o bem-vindos durante toda a programa\u00e7\u00e3o e, no primeiro culto, podem participar de atividades especiais preparadas para eles.<br \/>N\u00e3o precisa cadastro, convite ou ingresso \u2013 \u00e9 s\u00f3 chegar!<\/p><p>Para quem est\u00e1 longe, transmitimos o culto in\u00e9dito ao vivo no YouTube (youtube.com\/@umlugarcomunidade) todos os s\u00e1bados \u00e0s 11:45h.<br \/>E todas as s\u00e9ries ficam dispon\u00edveis para voc\u00ea assistir quando quiser e compartilhar.<br \/><span style=\"letter-spacing: 0px;\"><br \/>Voc\u00ea faz parte dessa Comunidade, de perto ou de longe. Siga-nos tamb\u00e9m nas redes sociais!<\/span><\/p>\t\t\t\t\t\t\t\t<\/div>\n\t\t\t\t<\/div>\n\t\t\t\t\t<\/div>\n\t\t<\/div>\n\t\t\t\t<div class=\"elementor-column elementor-col-50 elementor-top-column elementor-element elementor-element-99547f0\" data-id=\"99547f0\" data-element_type=\"column\" data-settings=\"{&quot;background_background&quot;:&quot;slideshow&quot;,&quot;background_slideshow_gallery&quot;:[{&quot;id&quot;:689,&quot;url&quot;:&quot;https:\\\/\\\/umlugarcomunidade.com.br\\\/wp\\\/wp-content\\\/uploads\\\/2023\\\/04\\\/ComUnidade-31.jpg&quot;},{&quot;id&quot;:713,&quot;url&quot;:&quot;https:\\\/\\\/umlugarcomunidade.com.br\\\/wp\\\/wp-content\\\/uploads\\\/2023\\\/04\\\/ComUnidade-21-1.jpg&quot;},{&quot;id&quot;:406,&quot;url&quot;:&quot;https:\\\/\\\/umlugarcomunidade.com.br\\\/wp\\\/wp-content\\\/uploads\\\/2023\\\/04\\\/IMG_1022.jpg&quot;},{&quot;id&quot;:387,&quot;url&quot;:&quot;https:\\\/\\\/umlugarcomunidade.com.br\\\/wp\\\/wp-content\\\/uploads\\\/2023\\\/04\\\/ComUnidade-110.jpg&quot;},{&quot;id&quot;:671,&quot;url&quot;:&quot;https:\\\/\\\/umlugarcomunidade.com.br\\\/wp\\\/wp-content\\\/uploads\\\/2023\\\/04\\\/ComUnidade-13.jpg&quot;}],&quot;background_slideshow_loop&quot;:&quot;yes&quot;,&quot;background_slideshow_slide_duration&quot;:5000,&quot;background_slideshow_slide_transition&quot;:&quot;fade&quot;,&quot;background_slideshow_transition_duration&quot;:500}\">\n\t\t\t<div class=\"elementor-widget-wrap elementor-element-populated\">\n\t\t\t\t\t\t<div class=\"elementor-element elementor-element-4410dce4 elementor-widget elementor-widget-spacer\" data-id=\"4410dce4\" data-element_type=\"widget\" data-widget_type=\"spacer.default\">\n\t\t\t\t<div class=\"elementor-widget-container\">\n\t\t\t\t\t\t\t<div class=\"elementor-spacer\">\n\t\t\t<div class=\"elementor-spacer-inner\"><\/div>\n\t\t<\/div>\n\t\t\t\t\t\t<\/div>\n\t\t\t\t<\/div>\n\t\t\t\t\t<\/div>\n\t\t<\/div>\n\t\t\t\t\t<\/div>\n\t\t<\/section>\n\t\t\t\t<section class=\"elementor-section elementor-top-section elementor-element elementor-element-332f393c elementor-section-content-middle elementor-reverse-mobile elementor-section-height-min-height elementor-section-items-stretch elementor-section-boxed elementor-section-height-default\" data-id=\"332f393c\" data-element_type=\"section\">\n\t\t\t\t\t\t<div class=\"elementor-container elementor-column-gap-no\">\n\t\t\t\t\t<div class=\"elementor-column elementor-col-50 elementor-top-column elementor-element elementor-element-38be664f\" data-id=\"38be664f\" data-element_type=\"column\" data-settings=\"{&quot;background_background&quot;:&quot;classic&quot;}\">\n\t\t\t<div class=\"elementor-widget-wrap elementor-element-populated\">\n\t\t\t\t\t\t<div class=\"elementor-element elementor-element-58b8e83 elementor-widget elementor-widget-google_maps\" data-id=\"58b8e83\" data-element_type=\"widget\" data-widget_type=\"google_maps.default\">\n\t\t\t\t<div class=\"elementor-widget-container\">\n\t\t\t\t\t\t\t<div class=\"elementor-custom-embed\">\n\t\t\t<iframe loading=\"lazy\"\n\t\t\t\t\tsrc=\"https:\/\/maps.google.com\/maps?q=Shopping%20P%C3%A1tio%20Higien%C3%B3polis%20-%20Av.%20Higien%C3%B3polis%2C%20618%20-%20Higien%C3%B3polis%2C%20S%C3%A3o%20Paulo%20-%20SP%2C%2001238-000&#038;t=m&#038;z=11&#038;output=embed&#038;iwloc=near\"\n\t\t\t\t\ttitle=\"Shopping P\u00e1tio Higien\u00f3polis - Av. Higien\u00f3polis, 618 - Higien\u00f3polis, S\u00e3o Paulo - SP, 01238-000\"\n\t\t\t\t\taria-label=\"Shopping P\u00e1tio Higien\u00f3polis - Av. Higien\u00f3polis, 618 - Higien\u00f3polis, S\u00e3o Paulo - SP, 01238-000\"\n\t\t\t><\/iframe>\n\t\t<\/div>\n\t\t\t\t\t\t<\/div>\n\t\t\t\t<\/div>\n\t\t\t\t\t<\/div>\n\t\t<\/div>\n\t\t\t\t<div class=\"elementor-column elementor-col-50 elementor-top-column elementor-element elementor-element-1ab0cc67\" data-id=\"1ab0cc67\" data-element_type=\"column\">\n\t\t\t<div class=\"elementor-widget-wrap elementor-element-populated\">\n\t\t\t\t\t\t<div class=\"elementor-element elementor-element-7f91f699 elementor-widget elementor-widget-text-editor\" data-id=\"7f91f699\" data-element_type=\"widget\" data-widget_type=\"text-editor.default\">\n\t\t\t\t<div class=\"elementor-widget-container\">\n\t\t\t\t\t\t\t\t\t<p><strong>S\u00c3O PAULO<\/strong><br \/>Teatro UOL &#8211; Terra\u00e7o do Shopping P\u00e1tio Higien\u00f3polis<br \/>Hor\u00e1rio do nosso culto: 11:45.<\/p><p><strong>CURITIBA<\/strong><br \/><span style=\"letter-spacing: 0px;\">Av, Marechal Floriano Peixoto, 740 \u2013 Centro Curitiba<br \/>Hor\u00e1rio: 10 Horas<\/span><\/p><p><strong>Canal do YouTube: <\/strong><a style=\"color: #464647;\" href=\"https:\/\/www.youtube.com\/@umlugarcomunidade\" target=\"_blank\" rel=\"noopener\">@umlugarcomunidade<\/a><\/p>\t\t\t\t\t\t\t\t<\/div>\n\t\t\t\t<\/div>\n\t\t\t\t\t<\/div>\n\t\t<\/div>\n\t\t\t\t\t<\/div>\n\t\t<\/section>\n\t\t\t\t<\/div>\n\t\t","protected":false},"excerpt":{"rendered":"<p>ONDE NOS ENCONTRAR Todo s\u00e1bado temos dois cultos presenciais: \u00e0s 11h e ao meio-dia. Crian\u00e7as, adolescentes e jovens s\u00e3o bem-vindos durante toda a programa\u00e7\u00e3o e, no primeiro culto, podem participar de atividades especiais preparadas para eles.N\u00e3o precisa cadastro, convite ou ingresso \u2013 \u00e9 s\u00f3 chegar! Para quem est\u00e1 longe, transmitimos o culto in\u00e9dito ao vivo&hellip;&nbsp;<a href=\"https:\/\/umlugarcomunidade.com.br\/?page_id=357\" rel=\"bookmark\">Continue a ler &raquo;<span class=\"screen-reader-text\">Contato<\/span><\/a><\/p>\n","protected":false},"author":1,"featured_media":0,"parent":0,"menu_order":0,"comment_status":"closed","ping_status":"closed","template":"elementor_header_footer","meta":{"neve_meta_sidebar":"","neve_meta_container":"","neve_meta_enable_content_width":"","neve_meta_content_width":0,"neve_meta_title_alignment":"","neve_meta_author_avatar":"","neve_post_elements_order":"","neve_meta_disable_header":"","neve_meta_disable_footer":"","neve_meta_disable_title":"","footnotes":""},"class_list":["post-357","page","type-page","status-publish","hentry"],"_links":{"self":[{"href":"https:\/\/umlugarcomunidade.com.br\/index.php?rest_route=\/wp\/v2\/pages\/357","targetHints":{"allow":["GET"]}}],"collection":[{"href":"https:\/\/umlugarcomunidade.com.br\/index.php?rest_route=\/wp\/v2\/pages"}],"about":[{"href":"https:\/\/umlugarcomunidade.com.br\/index.php?rest_route=\/wp\/v2\/types\/page"}],"author":[{"embeddable":true,"href":"https:\/\/umlugarcomunidade.com.br\/index.php?rest_route=\/wp\/v2\/users\/1"}],"replies":[{"embeddable":true,"href":"https:\/\/umlugarcomunidade.com.br\/index.php?rest_route=%2Fwp%2Fv2%2Fcomments&post=357"}],"version-history":[{"count":189,"href":"https:\/\/umlugarcomunidade.com.br\/index.php?rest_route=\/wp\/v2\/pages\/357\/revisions"}],"predecessor-version":[{"id":3112,"href":"https:\/\/umlugarcomunidade.com.br\/index.php?rest_route=\/wp\/v2\/pages\/357\/revisions\/3112"}],"wp:attachment":[{"href":"https:\/\/umlugarcomunidade.com.br\/index.php?rest_route=%2Fwp%2Fv2%2Fmedia&parent=357"}],"curies":[{"name":"wp","href":"https:\/\/api.w.org\/{rel}","templated":true}]}}