{"id":2952,"date":"2025-08-22T11:25:51","date_gmt":"2025-08-22T14:25:51","guid":{"rendered":"https:\/\/umlugarcomunidade.com.br\/wp\/?page_id=2952"},"modified":"2025-08-27T11:26:58","modified_gmt":"2025-08-27T14:26:58","slug":"voluntariado","status":"publish","type":"page","link":"https:\/\/umlugarcomunidade.com.br\/?page_id=2952","title":{"rendered":"Voluntariado"},"content":{"rendered":"\t\t<div data-elementor-type=\"wp-page\" data-elementor-id=\"2952\" class=\"elementor elementor-2952\">\n\t\t\t\t<div class=\"elementor-element elementor-element-bb34f39 e-flex e-con-boxed e-con e-parent\" data-id=\"bb34f39\" data-element_type=\"container\">\n\t\t\t\t\t<div class=\"e-con-inner\">\n\t\t\t\t<div class=\"elementor-element elementor-element-30bf94e elementor-widget elementor-widget-heading\" data-id=\"30bf94e\" data-element_type=\"widget\" data-widget_type=\"heading.default\">\n\t\t\t\t<div class=\"elementor-widget-container\">\n\t\t\t\t\t<h2 class=\"elementor-heading-title elementor-size-default\">Voluntariado<\/h2>\t\t\t\t<\/div>\n\t\t\t\t<\/div>\n\t\t\t\t\t<\/div>\n\t\t\t\t<\/div>\n\t\t<div class=\"elementor-element elementor-element-c0e6149 e-flex e-con-boxed e-con e-parent\" data-id=\"c0e6149\" data-element_type=\"container\">\n\t\t\t\t\t<div class=\"e-con-inner\">\n\t\t\t\t\t<\/div>\n\t\t\t\t<\/div>\n\t\t<div class=\"elementor-element elementor-element-fb8682f e-flex e-con-boxed e-con e-parent\" data-id=\"fb8682f\" data-element_type=\"container\">\n\t\t\t\t\t<div class=\"e-con-inner\">\n\t\t<div class=\"elementor-element elementor-element-08e8551 e-con-full e-flex e-con e-child\" data-id=\"08e8551\" data-element_type=\"container\">\n\t\t\t\t<div class=\"elementor-element elementor-element-5c1dd02 elementor-widget elementor-widget-wpforms\" data-id=\"5c1dd02\" data-element_type=\"widget\" data-widget_type=\"wpforms.default\">\n\t\t\t\t<div class=\"elementor-widget-container\">\n\t\t\t\t\t<div class=\"wpforms-container wpforms-container-full wpforms-render-modern\" id=\"wpforms-2949\"><form id=\"wpforms-form-2949\" class=\"wpforms-validate wpforms-form wpforms-ajax-form\" data-formid=\"2949\" method=\"post\" enctype=\"multipart\/form-data\" action=\"\/index.php?rest_route=%2Fwp%2Fv2%2Fpages%2F2952\" data-token=\"7f5a4287bc1c0f2d00f0d67569a0532f\" data-token-time=\"1775565229\"><noscript class=\"wpforms-error-noscript\">Ative o JavaScript no seu navegador para preencher este formul\u00e1rio.<\/noscript><div id=\"wpforms-error-noscript\" style=\"display: none;\">Ative o JavaScript no seu navegador para preencher este formul\u00e1rio.<\/div><div class=\"wpforms-field-container\"><div id=\"wpforms-2949-field_1-container\" class=\"wpforms-field wpforms-field-text\" data-field-id=\"1\"><label class=\"wpforms-field-label\" for=\"wpforms-2949-field_1\">Nome completo <span class=\"wpforms-required-label\" aria-hidden=\"true\">*<\/span><\/label><input type=\"text\" id=\"wpforms-2949-field_1\" class=\"wpforms-field-large wpforms-field-required\" name=\"wpforms[fields][1]\" aria-errormessage=\"wpforms-2949-field_1-error\" required><\/div><div id=\"wpforms-2949-field_2-container\" class=\"wpforms-field wpforms-field-text\" data-field-id=\"2\"><label class=\"wpforms-field-label\" for=\"wpforms-2949-field_2\">Idade ou faixa et\u00e1ria<\/label><input type=\"text\" id=\"wpforms-2949-field_2\" class=\"wpforms-field-small\" name=\"wpforms[fields][2]\" aria-errormessage=\"wpforms-2949-field_2-error\" ><\/div><div id=\"wpforms-2949-field_3-container\" class=\"wpforms-field wpforms-field-text\" data-field-id=\"3\"><label class=\"wpforms-field-label\" for=\"wpforms-2949-field_3\">Cidade \/ Bairro onde mora<\/label><input type=\"text\" id=\"wpforms-2949-field_3\" class=\"wpforms-field-small\" name=\"wpforms[fields][3]\" aria-errormessage=\"wpforms-2949-field_3-error\" ><\/div><div id=\"wpforms-2949-field_4-container\" class=\"wpforms-field wpforms-field-text\" data-field-id=\"4\"><label class=\"wpforms-field-label\" for=\"wpforms-2949-field_4\">Telefone  (WhatsApp)<\/label><input type=\"text\" id=\"wpforms-2949-field_4\" class=\"wpforms-field-medium\" name=\"wpforms[fields][4]\" aria-errormessage=\"wpforms-2949-field_4-error\" ><\/div><div id=\"wpforms-2949-field_5-container\" class=\"wpforms-field wpforms-field-email\" data-field-id=\"5\"><label class=\"wpforms-field-label\" for=\"wpforms-2949-field_5\">E-mail <span class=\"wpforms-required-label\" aria-hidden=\"true\">*<\/span><\/label><input type=\"email\" id=\"wpforms-2949-field_5\" class=\"wpforms-field-medium wpforms-field-required\" name=\"wpforms[fields][5]\" spellcheck=\"false\" aria-errormessage=\"wpforms-2949-field_5-error\" required><\/div><div id=\"wpforms-2949-field_6-container\" class=\"wpforms-field wpforms-field-text\" data-field-id=\"6\"><label class=\"wpforms-field-label\" for=\"wpforms-2949-field_6\">Forma\u00e7\u00e3o\/Profiss\u00e3o<\/label><input type=\"text\" id=\"wpforms-2949-field_6\" class=\"wpforms-field-medium\" name=\"wpforms[fields][6]\" aria-errormessage=\"wpforms-2949-field_6-error\" ><\/div><div id=\"wpforms-2949-field_7-container\" class=\"wpforms-field wpforms-field-text\" data-field-id=\"7\"><label class=\"wpforms-field-label\" for=\"wpforms-2949-field_7\">Experi\u00eancias anteriores de voluntariado<\/label><input type=\"text\" id=\"wpforms-2949-field_7\" class=\"wpforms-field-large\" name=\"wpforms[fields][7]\" aria-errormessage=\"wpforms-2949-field_7-error\" ><\/div><div id=\"wpforms-2949-field_8-container\" class=\"wpforms-field wpforms-field-text\" data-field-id=\"8\"><label class=\"wpforms-field-label\" for=\"wpforms-2949-field_8\">Habilidades espec\u00edficas<\/label><input type=\"text\" id=\"wpforms-2949-field_8\" class=\"wpforms-field-large\" name=\"wpforms[fields][8]\" aria-errormessage=\"wpforms-2949-field_8-error\" aria-describedby=\"wpforms-2949-field_8-description\" ><div id=\"wpforms-2949-field_8-description\" class=\"wpforms-field-description\">(ex: m\u00fasica, ensino, sa\u00fade, tecnologia, comunica\u00e7\u00e3o, etc.)<\/div><\/div><div id=\"wpforms-2949-field_9-container\" class=\"wpforms-field wpforms-field-text\" data-field-id=\"9\"><label class=\"wpforms-field-label\" for=\"wpforms-2949-field_9\">\u00c1rea(s) de interesse para voluntariado em nossa Comunidade<\/label><input type=\"text\" id=\"wpforms-2949-field_9\" class=\"wpforms-field-large\" name=\"wpforms[fields][9]\" aria-errormessage=\"wpforms-2949-field_9-error\" ><\/div>\t\t<div id=\"wpforms-2949-field_12-container\"\n\t\t\tclass=\"wpforms-field wpforms-field-text\"\n\t\t\tdata-field-type=\"text\"\n\t\t\tdata-field-id=\"12\"\n\t\t\t>\n\t\t\t<label class=\"wpforms-field-label\" for=\"wpforms-2949-field_12\" >dispon\u00edvel de Telefone<\/label>\n\t\t\t<input type=\"text\" id=\"wpforms-2949-field_12\" class=\"wpforms-field-medium\" name=\"wpforms[fields][12]\" >\n\t\t<\/div>\n\t\t<div id=\"wpforms-2949-field_10-container\" class=\"wpforms-field wpforms-field-text\" data-field-id=\"10\"><label class=\"wpforms-field-label\" for=\"wpforms-2949-field_10\">Tempo dispon\u00edvel por semana<\/label><input type=\"text\" id=\"wpforms-2949-field_10\" class=\"wpforms-field-medium\" name=\"wpforms[fields][10]\" aria-errormessage=\"wpforms-2949-field_10-error\" ><\/div><div id=\"wpforms-2949-field_11-container\" class=\"wpforms-field wpforms-field-select wpforms-field-select-style-classic\" data-field-id=\"11\"><label class=\"wpforms-field-label\" for=\"wpforms-2949-field_11\">Prefer\u00eancia de dedica\u00e7\u00e3o<\/label><select id=\"wpforms-2949-field_11\" class=\"wpforms-field-medium\" name=\"wpforms[fields][11]\"><option value=\"Sem prefer\u00eancia\"  class=\"choice-4 depth-1\"  >Sem prefer\u00eancia<\/option><option value=\"Durante a semana\"  class=\"choice-1 depth-1\"  >Durante a semana<\/option><option value=\"Finais\u00a0de\u00a0semana\"  class=\"choice-2 depth-1\"  >Finais\u00a0de\u00a0semana<\/option><\/select><\/div><script>\n\t\t\t\t( function() {\n\t\t\t\t\tconst style = document.createElement( 'style' );\n\t\t\t\t\tstyle.appendChild( document.createTextNode( '#wpforms-2949-field_12-container { position: absolute !important; overflow: hidden !important; display: inline !important; height: 1px !important; width: 1px !important; z-index: -1000 !important; padding: 0 !important; } #wpforms-2949-field_12-container input { visibility: hidden; } #wpforms-conversational-form-page #wpforms-2949-field_12-container label { counter-increment: none; }' ) );\n\t\t\t\t\tdocument.head.appendChild( style );\n\t\t\t\t\tdocument.currentScript?.remove();\n\t\t\t\t} )();\n\t\t\t<\/script><\/div><!-- .wpforms-field-container --><div class=\"wpforms-submit-container\" ><input type=\"hidden\" name=\"wpforms[id]\" value=\"2949\"><input type=\"hidden\" name=\"page_title\" value=\"\"><input type=\"hidden\" name=\"page_url\" value=\"https:\/\/umlugarcomunidade.com.br\/index.php?rest_route=\/wp\/v2\/pages\/2952\"><input type=\"hidden\" name=\"url_referer\" value=\"\"><button type=\"submit\" name=\"wpforms[submit]\" id=\"wpforms-submit-2949\" class=\"wpforms-submit\" data-alt-text=\"Enviando\u2026\" data-submit-text=\"Enviar\" aria-live=\"assertive\" value=\"wpforms-submit\">Enviar<\/button><img decoding=\"async\" src=\"https:\/\/umlugarcomunidade.com.br\/wp\/wp-content\/plugins\/wpforms-lite\/assets\/images\/submit-spin.svg\" class=\"wpforms-submit-spinner\" style=\"display: none;\" width=\"26\" height=\"26\" alt=\"Carregando\"><\/div><\/form><\/div>  <!-- .wpforms-container -->\t\t\t\t<\/div>\n\t\t\t\t<\/div>\n\t\t\t\t<\/div>\n\t\t<div class=\"elementor-element elementor-element-931104c e-con-full e-flex e-con e-child\" data-id=\"931104c\" data-element_type=\"container\">\n\t\t\t\t<\/div>\n\t\t\t\t\t<\/div>\n\t\t\t\t<\/div>\n\t\t\t\t<\/div>\n\t\t","protected":false},"excerpt":{"rendered":"<p>Voluntariado Ative o JavaScript no seu navegador para preencher este formul\u00e1rio.Ative o JavaScript no seu navegador para preencher este formul\u00e1rio.Nome completo *Idade ou faixa et\u00e1riaCidade \/ Bairro onde moraTelefone (WhatsApp)E-mail *Forma\u00e7\u00e3o\/Profiss\u00e3oExperi\u00eancias anteriores de voluntariadoHabilidades espec\u00edficas(ex: m\u00fasica, ensino, sa\u00fade, tecnologia, comunica\u00e7\u00e3o, etc.)\u00c1rea(s) de interesse para voluntariado em nossa ComunidadeTempo dispon\u00edvel por semanaPrefer\u00eancia de dedica\u00e7\u00e3oSem prefer\u00eanciaDurante a&hellip;&nbsp;<a href=\"https:\/\/umlugarcomunidade.com.br\/?page_id=2952\" rel=\"bookmark\">Continue a ler &raquo;<span class=\"screen-reader-text\">Voluntariado<\/span><\/a><\/p>\n","protected":false},"author":1,"featured_media":0,"parent":0,"menu_order":0,"comment_status":"closed","ping_status":"closed","template":"page-templates\/template-pagebuilder-full-width.php","meta":{"neve_meta_sidebar":"","neve_meta_container":"","neve_meta_enable_content_width":"","neve_meta_content_width":0,"neve_meta_title_alignment":"","neve_meta_author_avatar":"","neve_post_elements_order":"","neve_meta_disable_header":"","neve_meta_disable_footer":"","neve_meta_disable_title":"","footnotes":""},"class_list":["post-2952","page","type-page","status-publish","hentry"],"_links":{"self":[{"href":"https:\/\/umlugarcomunidade.com.br\/index.php?rest_route=\/wp\/v2\/pages\/2952","targetHints":{"allow":["GET"]}}],"collection":[{"href":"https:\/\/umlugarcomunidade.com.br\/index.php?rest_route=\/wp\/v2\/pages"}],"about":[{"href":"https:\/\/umlugarcomunidade.com.br\/index.php?rest_route=\/wp\/v2\/types\/page"}],"author":[{"embeddable":true,"href":"https:\/\/umlugarcomunidade.com.br\/index.php?rest_route=\/wp\/v2\/users\/1"}],"replies":[{"embeddable":true,"href":"https:\/\/umlugarcomunidade.com.br\/index.php?rest_route=%2Fwp%2Fv2%2Fcomments&post=2952"}],"version-history":[{"count":28,"href":"https:\/\/umlugarcomunidade.com.br\/index.php?rest_route=\/wp\/v2\/pages\/2952\/revisions"}],"predecessor-version":[{"id":2985,"href":"https:\/\/umlugarcomunidade.com.br\/index.php?rest_route=\/wp\/v2\/pages\/2952\/revisions\/2985"}],"wp:attachment":[{"href":"https:\/\/umlugarcomunidade.com.br\/index.php?rest_route=%2Fwp%2Fv2%2Fmedia&parent=2952"}],"curies":[{"name":"wp","href":"https:\/\/api.w.org\/{rel}","templated":true}]}}