{"id":2761,"date":"2024-10-13T09:57:51","date_gmt":"2024-10-13T12:57:51","guid":{"rendered":"https:\/\/umlugarcomunidade.com.br\/wp\/?page_id=2761"},"modified":"2024-11-23T13:18:03","modified_gmt":"2024-11-23T16:18:03","slug":"serie-arrependimento-e-reparacao","status":"publish","type":"page","link":"https:\/\/umlugarcomunidade.com.br\/?page_id=2761","title":{"rendered":"S\u00e9rie Arrependimento e Repara\u00e7\u00e3o"},"content":{"rendered":"\t\t<div data-elementor-type=\"wp-page\" data-elementor-id=\"2761\" class=\"elementor elementor-2761\">\n\t\t\t\t<div class=\"elementor-element elementor-element-45be67f2 e-flex e-con-boxed e-con e-parent\" data-id=\"45be67f2\" data-element_type=\"container\">\n\t\t\t\t\t<div class=\"e-con-inner\">\n\t\t\t\t<div class=\"elementor-element elementor-element-4878067a elementor-invisible elementor-widget elementor-widget-heading\" data-id=\"4878067a\" data-element_type=\"widget\" data-settings=\"{&quot;_animation&quot;:&quot;fadeIn&quot;}\" data-widget_type=\"heading.default\">\n\t\t\t\t<div class=\"elementor-widget-container\">\n\t\t\t\t\t<h2 class=\"elementor-heading-title elementor-size-default\">Arrependimento e Repara\u00e7\u00e3o<\/h2>\t\t\t\t<\/div>\n\t\t\t\t<\/div>\n\t\t\t\t\t<\/div>\n\t\t\t\t<\/div>\n\t\t<div class=\"elementor-element elementor-element-370158bc e-flex e-con-boxed e-con e-parent\" data-id=\"370158bc\" data-element_type=\"container\">\n\t\t\t\t\t<div class=\"e-con-inner\">\n\t\t<div class=\"elementor-element elementor-element-965701c e-con-full e-flex e-con e-child\" data-id=\"965701c\" data-element_type=\"container\">\n\t\t\t\t<div class=\"elementor-element elementor-element-c0e9325 elementor-widget elementor-widget-text-editor\" data-id=\"c0e9325\" data-element_type=\"widget\" data-widget_type=\"text-editor.default\">\n\t\t\t\t<div class=\"elementor-widget-container\">\n\t\t\t\t\t\t\t\t\t<p>Inevitavelmente vamos causar dor e sofrimento para pessoas ao nosso redor, quer individualmente, quer coletivamente. Por vaidade, covardia, medo, inseguran\u00e7a, omiss\u00e3o, sobreviv\u00eancia, ou at\u00e9 mesmo por pura maldade e prazer, vamos ofender, magoar e ferir nosso pr\u00f3ximo. Essa dor causada n\u00e3o desaparece com um mero pedido de desculpas. \u00c9 necess\u00e1rio real arrependimento que conduz a repara\u00e7\u00e3o. Maimonides, um famoso rabino da Idade M\u00e9dia, nos apresenta cinco passos b\u00e1sicos para que nosso arrependimento produza repara\u00e7\u00e3o do mal que causamos, volunt\u00e1ria ou involuntariamente. A teshuvah, arrependimento em hebraico, \u00e9 como a t\u00e9cnica japonesa do kintsugi: o que foi quebrado n\u00e3o volta a ser como antes, mas pode ser uma obra de arte.<\/p>\t\t\t\t\t\t\t\t<\/div>\n\t\t\t\t<\/div>\n\t\t\t\t<\/div>\n\t\t<div class=\"elementor-element elementor-element-4e7fc42a e-con-full e-flex e-con e-child\" data-id=\"4e7fc42a\" data-element_type=\"container\">\n\t\t\t\t<div class=\"elementor-element elementor-element-634a34b elementor-widget elementor-widget-video\" data-id=\"634a34b\" data-element_type=\"widget\" data-settings=\"{&quot;youtube_url&quot;:&quot;https:\\\/\\\/www.youtube.com\\\/watch?v=8T2piq-sHhY&quot;,&quot;video_type&quot;:&quot;youtube&quot;,&quot;controls&quot;:&quot;yes&quot;}\" data-widget_type=\"video.default\">\n\t\t\t\t<div class=\"elementor-widget-container\">\n\t\t\t\t\t\t\t<div class=\"elementor-wrapper elementor-open-inline\">\n\t\t\t<div class=\"elementor-video\"><\/div>\t\t<\/div>\n\t\t\t\t\t\t<\/div>\n\t\t\t\t<\/div>\n\t\t\t\t<div class=\"elementor-element elementor-element-20bea01 elementor-widget elementor-widget-text-editor\" data-id=\"20bea01\" data-element_type=\"widget\" data-widget_type=\"text-editor.default\">\n\t\t\t\t<div class=\"elementor-widget-container\">\n\t\t\t\t\t\t\t\t\t<p>Todos n\u00f3s queremos um novo come\u00e7o, uma nova chance, todos n\u00f3s queremos expia\u00e7\u00e3o. Contudo, uma confiss\u00e3o emocionada n\u00e3o \u00e9 o bastante quando causamos dano a outra pessoa. A justi\u00e7a de Deus repara o mal que existe no mundo espalhando vida. Como seus seguidores \u00e9 esperado o mesmo de n\u00f3s: vida, luz no mundo. O fato de Deus nos perdoar n\u00e3o substitui o acerto de contas que devemos ter com o nosso irm\u00e3o. Existem passos de repara\u00e7\u00e3o que precisamos fazer. Nenhum discurso deve ser ouvido ou desculpa dada antes que exista uma mudan\u00e7a de atitude. O caminho do reino de Deus \u00e9 uma jornada que promove transforma\u00e7\u00e3o.<\/p><p>Texto base: Lev\u00edtico 16:11-16 e Lucas 18:9-17<\/p>\t\t\t\t\t\t\t\t<\/div>\n\t\t\t\t<\/div>\n\t\t\t\t<div class=\"elementor-element elementor-element-51ac435 elementor-widget elementor-widget-video\" data-id=\"51ac435\" data-element_type=\"widget\" data-settings=\"{&quot;youtube_url&quot;:&quot;https:\\\/\\\/www.youtube.com\\\/watch?v=uOTMQ_F02Ds&quot;,&quot;video_type&quot;:&quot;youtube&quot;,&quot;controls&quot;:&quot;yes&quot;}\" data-widget_type=\"video.default\">\n\t\t\t\t<div class=\"elementor-widget-container\">\n\t\t\t\t\t\t\t<div class=\"elementor-wrapper elementor-open-inline\">\n\t\t\t<div class=\"elementor-video\"><\/div>\t\t<\/div>\n\t\t\t\t\t\t<\/div>\n\t\t\t\t<\/div>\n\t\t\t\t<div class=\"elementor-element elementor-element-fbe966e elementor-widget elementor-widget-text-editor\" data-id=\"fbe966e\" data-element_type=\"widget\" data-widget_type=\"text-editor.default\">\n\t\t\t\t<div class=\"elementor-widget-container\">\n\t\t\t\t\t\t\t\t\t<p>Quando machucamos algu\u00e9m, temos a tendencia de achar que por termos nos arrependido e buscado reparar o mal que causamos, merecemos o perd\u00e3o. \u00c9 necess\u00e1rio, no entanto, entender que arrependimento e repara\u00e7\u00e3o est\u00e3o ligados ao processo que o algoz, o perpetrador da viol\u00eancia, precisa passar para ser transformado. O perd\u00e3o, por sua vez, \u00e9 o processo que a v\u00edtima precisa passar para curar suas feridas. Arrepender-se liberta o agressor da sua agress\u00e3o. Perdoar liberta a v\u00edtima da pris\u00e3o da dor. Essa liberdade s\u00f3 encontramos naquele que pode transformar tanto um, quanto outro: Jesus.<\/p><p>Texto base: Mateus 6:9-15<\/p>\t\t\t\t\t\t\t\t<\/div>\n\t\t\t\t<\/div>\n\t\t\t\t<div class=\"elementor-element elementor-element-80f4f63 elementor-widget elementor-widget-video\" data-id=\"80f4f63\" data-element_type=\"widget\" data-settings=\"{&quot;youtube_url&quot;:&quot;https:\\\/\\\/www.youtube.com\\\/watch?v=0ox4QmB3oBo&quot;,&quot;video_type&quot;:&quot;youtube&quot;,&quot;controls&quot;:&quot;yes&quot;}\" data-widget_type=\"video.default\">\n\t\t\t\t<div class=\"elementor-widget-container\">\n\t\t\t\t\t\t\t<div class=\"elementor-wrapper elementor-open-inline\">\n\t\t\t<div class=\"elementor-video\"><\/div>\t\t<\/div>\n\t\t\t\t\t\t<\/div>\n\t\t\t\t<\/div>\n\t\t\t\t<div class=\"elementor-element elementor-element-ccc6b06 elementor-widget elementor-widget-text-editor\" data-id=\"ccc6b06\" data-element_type=\"widget\" data-widget_type=\"text-editor.default\">\n\t\t\t\t<div class=\"elementor-widget-container\">\n\t\t\t\t\t\t\t\t\t<p>A reflex\u00e3o sobre Mateus 5:48 e a busca pela perfei\u00e7\u00e3o destaca os desafios que essa busca imp\u00f5e em n\u00edveis individuais e coletivos. No \u00e2mbito pessoal, a press\u00e3o para ser perfeito pode levar ao isolamento, pois as pessoas tendem a esconder suas vulnerabilidades e a criar uma imagem idealizada de si mesmas, o que impede conex\u00f5es genu\u00ednas. Coletivamente, essa busca por padr\u00f5es inating\u00edveis gera divis\u00f5es e preconceitos, promovendo a ideia de hierarquias entre indiv\u00edduos e grupos, o que pode culminar em consequ\u00eancias graves, como estigmatiza\u00e7\u00e3o e at\u00e9 viol\u00eancia.<\/p><p>Espiritualmente, a busca pela perfei\u00e7\u00e3o pode distorcer a concep\u00e7\u00e3o de Deus, levando a uma teologia que enfatiza comportamentos em vez de rela\u00e7\u00f5es aut\u00eanticas. Essa abordagem pode fazer com que as pessoas sintam que precisam viver de acordo com expectativas imposs\u00edveis, esquecendo que a imperfei\u00e7\u00e3o \u00e9 parte da condi\u00e7\u00e3o humana. Ao nos esfor\u00e7armos para mostrar uma vers\u00e3o perfeita de n\u00f3s mesmos, perdemos a chance de ser aut\u00eanticos e de compartilhar nossas verdadeiras experi\u00eancias, talentos e imperfei\u00e7\u00f5es, que s\u00e3o o que realmente nos conecta e nos torna humanos. A verdadeira beleza da vida est\u00e1 na aceita\u00e7\u00e3o de nossa falibilidade e na celebra\u00e7\u00e3o da diversidade de experi\u00eancias que todos n\u00f3s trazemos.<br \/>Texto base: Mateus 5:48<\/p>\t\t\t\t\t\t\t\t<\/div>\n\t\t\t\t<\/div>\n\t\t\t\t<div class=\"elementor-element elementor-element-1a29cea elementor-widget elementor-widget-video\" data-id=\"1a29cea\" data-element_type=\"widget\" data-settings=\"{&quot;youtube_url&quot;:&quot;https:\\\/\\\/www.youtube.com\\\/watch?v=87gf7lkZBRk&quot;,&quot;video_type&quot;:&quot;youtube&quot;,&quot;controls&quot;:&quot;yes&quot;}\" data-widget_type=\"video.default\">\n\t\t\t\t<div class=\"elementor-widget-container\">\n\t\t\t\t\t\t\t<div class=\"elementor-wrapper elementor-open-inline\">\n\t\t\t<div class=\"elementor-video\"><\/div>\t\t<\/div>\n\t\t\t\t\t\t<\/div>\n\t\t\t\t<\/div>\n\t\t\t\t<div class=\"elementor-element elementor-element-6215e16 elementor-widget elementor-widget-text-editor\" data-id=\"6215e16\" data-element_type=\"widget\" data-widget_type=\"text-editor.default\">\n\t\t\t\t<div class=\"elementor-widget-container\">\n\t\t\t\t\t\t\t\t\t<p>Resumo: Nosso trabalho, como seres humanos e, principalmente como seguidores do Messias, \u00e9 nos tornarmos diferentes, sermos melhores. Isso envolve arrependimento e repara\u00e7\u00e3o, e n\u00e3o apenas em n\u00edvel pessoal e p\u00fablico, implica tamb\u00e9m a esfera institucional. Seja num hospital ou num banco, numa escola, num local de culto, numa startup tecnol\u00f3gica, numa organiza\u00e7\u00e3o sem fins lucrativos ou em qualquer outra institui\u00e7\u00e3o, a obra de arrependimento permanece a mesma. A forma como poder\u00e1 ser executada, quem deve ser cuidadosamente envolvido, como e quando a transforma\u00e7\u00e3o ser\u00e1 completa, enfim, a jornada pode ser totalmente diferente de institui\u00e7\u00e3o para institui\u00e7\u00e3o, mas os princ\u00edpios orientadores devem permanecer os mesmos. O que \u00e9 preciso encontrar \u00e9 a vontade e a coragem para seguir em frente.<\/p><p>Texto base: Jeremias 3:19-25<\/p>\t\t\t\t\t\t\t\t<\/div>\n\t\t\t\t<\/div>\n\t\t\t\t<div class=\"elementor-element elementor-element-d31854e elementor-widget elementor-widget-video\" data-id=\"d31854e\" data-element_type=\"widget\" data-settings=\"{&quot;youtube_url&quot;:&quot;https:\\\/\\\/www.youtube.com\\\/watch?v=CBVVA8rBn3M&quot;,&quot;video_type&quot;:&quot;youtube&quot;,&quot;controls&quot;:&quot;yes&quot;}\" data-widget_type=\"video.default\">\n\t\t\t\t<div class=\"elementor-widget-container\">\n\t\t\t\t\t\t\t<div class=\"elementor-wrapper elementor-open-inline\">\n\t\t\t<div class=\"elementor-video\"><\/div>\t\t<\/div>\n\t\t\t\t\t\t<\/div>\n\t\t\t\t<\/div>\n\t\t\t\t<div class=\"elementor-element elementor-element-84496a3 elementor-widget elementor-widget-text-editor\" data-id=\"84496a3\" data-element_type=\"widget\" data-widget_type=\"text-editor.default\">\n\t\t\t\t<div class=\"elementor-widget-container\">\n\t\t\t\t\t\t\t\t\t<p>Uma maneira de promover vida abundante (Jo\u00e3o 10:10) \u00e9 criar espa\u00e7os onde todas as pessoas se sintam seguras. Um espa\u00e7o onde um grupo de pessoas n\u00e3o se sente seguro, nenhum grupo de pessoas estar\u00e1 seguro. Muitas vezes isso significa reconhecer meus pr\u00f3prios erros e fazer o necess\u00e1rio para reparar danos j\u00e1 causados. No \u00e2mbito pessoal podemos trabalhar juntos para diminuir o preconceito e estigma nas nossas rodas de conversa e no nosso dia a dia. E ao tratar com institui\u00e7\u00f5es n\u00e3o precisamos de ter medo de nos posicionarmos quando pessoas est\u00e3o sendo maltratadas e desrespeitadas, ainda que essas institui\u00e7\u00f5es forem denomina\u00e7\u00f5es religiosas.<\/p><p>Texto base: Jo\u00e3o 10:10<\/p>\t\t\t\t\t\t\t\t<\/div>\n\t\t\t\t<\/div>\n\t\t\t\t<div class=\"elementor-element elementor-element-652b590 elementor-widget elementor-widget-video\" data-id=\"652b590\" data-element_type=\"widget\" data-settings=\"{&quot;youtube_url&quot;:&quot;https:\\\/\\\/www.youtube.com\\\/watch?v=E7fqe_Y_Lqs&quot;,&quot;video_type&quot;:&quot;youtube&quot;,&quot;controls&quot;:&quot;yes&quot;}\" data-widget_type=\"video.default\">\n\t\t\t\t<div class=\"elementor-widget-container\">\n\t\t\t\t\t\t\t<div class=\"elementor-wrapper elementor-open-inline\">\n\t\t\t<div class=\"elementor-video\"><\/div>\t\t<\/div>\n\t\t\t\t\t\t<\/div>\n\t\t\t\t<\/div>\n\t\t\t\t<div class=\"elementor-element elementor-element-fe26981 elementor-widget elementor-widget-text-editor\" data-id=\"fe26981\" data-element_type=\"widget\" data-widget_type=\"text-editor.default\">\n\t\t\t\t<div class=\"elementor-widget-container\">\n\t\t\t\t\t\t\t\t\t<p>A ora\u00e7\u00e3o do Pai Nosso \u00e9 universalmente conhecida como o modelo das \u00eanfases<br \/>primordiais da espiritualidade do Reino, conforme ensinado por Jesus. Ela \u00e9 o centro estrutural do<br \/>Serm\u00e3o da Montanha, onde Jesus explica a Torah aos seus seguidores. Nela somos irmanados<br \/>como filhos do mesmo Pai, nas necessidades materiais, mas tamb\u00e9m na constata\u00e7\u00e3o das d\u00edvidas e<br \/>das ofensas como marca presente nos relacionamentos humanos. A ora\u00e7\u00e3o apresenta um pedido de reconcilia\u00e7\u00e3o com Deus e com os homens. Esse tema de reconcilia\u00e7\u00e3o e perd\u00e3o ecoa em todo<br \/>serm\u00e3o proferido por Jesus. Os cinco passos de Maim\u00f4nides para realizar uma repara\u00e7\u00e3o no caso<br \/>de ofensas cometidas contra outros, unidos a uma reflex\u00e3o sobre a ora\u00e7\u00e3o do Pai Nosso no contexto do serm\u00e3o do monte nos possibilita encontrar um caminho pr\u00e1tico de como nos reconciliarmos com aqueles com quem temos que fazer repara\u00e7\u00f5es.<br \/>Texto base: Mateus 6:9-15<\/p>\t\t\t\t\t\t\t\t<\/div>\n\t\t\t\t<\/div>\n\t\t\t\t<div class=\"elementor-element elementor-element-3ad46874 elementor-widget elementor-widget-video\" data-id=\"3ad46874\" data-element_type=\"widget\" data-settings=\"{&quot;youtube_url&quot;:&quot;https:\\\/\\\/www.youtube.com\\\/watch?v=TvaGNPhL_AE&quot;,&quot;video_type&quot;:&quot;youtube&quot;,&quot;controls&quot;:&quot;yes&quot;}\" data-widget_type=\"video.default\">\n\t\t\t\t<div class=\"elementor-widget-container\">\n\t\t\t\t\t\t\t<div class=\"elementor-wrapper elementor-open-inline\">\n\t\t\t<div class=\"elementor-video\"><\/div>\t\t<\/div>\n\t\t\t\t\t\t<\/div>\n\t\t\t\t<\/div>\n\t\t\t\t<div class=\"elementor-element elementor-element-5fc9e01b elementor-widget elementor-widget-text-editor\" data-id=\"5fc9e01b\" data-element_type=\"widget\" data-widget_type=\"text-editor.default\">\n\t\t\t\t<div class=\"elementor-widget-container\">\n\t\t\t\t\t\t\t\t\t<p>Inevitavelmente vamos causar dor e sofrimento para pessoas ao nosso redor, quer individualmente, quer coletivamente. Por vaidade, covardia, medo, inseguran\u00e7a, omiss\u00e3o, sobreviv\u00eancia, ou at\u00e9 mesmo por pura maldade e prazer, vamos ofender, magoar e ferir nosso pr\u00f3ximo. Essa dor causada n\u00e3o desaparece com um mero pedido de desculpas. \u00c9 necess\u00e1rio real arrependimento que conduz a repara\u00e7\u00e3o. Maimonides, um famoso rabino da Idade M\u00e9dia, nos apresenta cinco passos b\u00e1sicos para que nosso arrependimento produza repara\u00e7\u00e3o do mal que causamos, volunt\u00e1ria ou involuntariamente. A teshuvah, arrependimento em hebraico, \u00e9 como a t\u00e9cnica japonesa do kintsugi: o que foi quebrado n\u00e3o volta a ser como antes, mas pode ser uma obra de arte. <br \/>Texto base: Lucas 19:1-9; Lev\u00edtico 16<\/p>\t\t\t\t\t\t\t\t<\/div>\n\t\t\t\t<\/div>\n\t\t\t\t<\/div>\n\t\t\t\t\t<\/div>\n\t\t\t\t<\/div>\n\t\t\t\t<\/div>\n\t\t","protected":false},"excerpt":{"rendered":"<p>Arrependimento e Repara\u00e7\u00e3o Inevitavelmente vamos causar dor e sofrimento para pessoas ao nosso redor, quer individualmente, quer coletivamente. Por vaidade, covardia, medo, inseguran\u00e7a, omiss\u00e3o, sobreviv\u00eancia, ou at\u00e9 mesmo por pura maldade e prazer, vamos ofender, magoar e ferir nosso pr\u00f3ximo. Essa dor causada n\u00e3o desaparece com um mero pedido de desculpas. \u00c9 necess\u00e1rio real arrependimento&hellip;&nbsp;<a href=\"https:\/\/umlugarcomunidade.com.br\/?page_id=2761\" rel=\"bookmark\">Continue a ler &raquo;<span class=\"screen-reader-text\">S\u00e9rie Arrependimento e Repara\u00e7\u00e3o<\/span><\/a><\/p>\n","protected":false},"author":1,"featured_media":0,"parent":0,"menu_order":0,"comment_status":"closed","ping_status":"closed","template":"elementor_header_footer","meta":{"neve_meta_sidebar":"","neve_meta_container":"","neve_meta_enable_content_width":"","neve_meta_content_width":0,"neve_meta_title_alignment":"","neve_meta_author_avatar":"","neve_post_elements_order":"","neve_meta_disable_header":"","neve_meta_disable_footer":"","neve_meta_disable_title":"","footnotes":""},"class_list":["post-2761","page","type-page","status-publish","hentry"],"_links":{"self":[{"href":"https:\/\/umlugarcomunidade.com.br\/index.php?rest_route=\/wp\/v2\/pages\/2761","targetHints":{"allow":["GET"]}}],"collection":[{"href":"https:\/\/umlugarcomunidade.com.br\/index.php?rest_route=\/wp\/v2\/pages"}],"about":[{"href":"https:\/\/umlugarcomunidade.com.br\/index.php?rest_route=\/wp\/v2\/types\/page"}],"author":[{"embeddable":true,"href":"https:\/\/umlugarcomunidade.com.br\/index.php?rest_route=\/wp\/v2\/users\/1"}],"replies":[{"embeddable":true,"href":"https:\/\/umlugarcomunidade.com.br\/index.php?rest_route=%2Fwp%2Fv2%2Fcomments&post=2761"}],"version-history":[{"count":22,"href":"https:\/\/umlugarcomunidade.com.br\/index.php?rest_route=\/wp\/v2\/pages\/2761\/revisions"}],"predecessor-version":[{"id":2790,"href":"https:\/\/umlugarcomunidade.com.br\/index.php?rest_route=\/wp\/v2\/pages\/2761\/revisions\/2790"}],"wp:attachment":[{"href":"https:\/\/umlugarcomunidade.com.br\/index.php?rest_route=%2Fwp%2Fv2%2Fmedia&parent=2761"}],"curies":[{"name":"wp","href":"https:\/\/api.w.org\/{rel}","templated":true}]}}