{"id":2145,"date":"2023-09-30T13:57:16","date_gmt":"2023-09-30T16:57:16","guid":{"rendered":"https:\/\/umlugarcomunidade.com.br\/wp\/?page_id=2145"},"modified":"2023-11-04T14:16:43","modified_gmt":"2023-11-04T17:16:43","slug":"serie-excluidos-e-incluidos","status":"publish","type":"page","link":"https:\/\/umlugarcomunidade.com.br\/?page_id=2145","title":{"rendered":"S\u00e9rie Exclu\u00eddos e Inclu\u00eddos"},"content":{"rendered":"\t\t<div data-elementor-type=\"wp-page\" data-elementor-id=\"2145\" class=\"elementor elementor-2145\">\n\t\t\t\t<div class=\"elementor-element elementor-element-aee2d67 e-flex e-con-boxed e-con e-parent\" data-id=\"aee2d67\" data-element_type=\"container\">\n\t\t\t\t\t<div class=\"e-con-inner\">\n\t\t\t\t<div class=\"elementor-element elementor-element-6831894c elementor-invisible elementor-widget elementor-widget-heading\" data-id=\"6831894c\" data-element_type=\"widget\" data-settings=\"{&quot;_animation&quot;:&quot;fadeIn&quot;}\" data-widget_type=\"heading.default\">\n\t\t\t\t<div class=\"elementor-widget-container\">\n\t\t\t\t\t<h2 class=\"elementor-heading-title elementor-size-default\">Exclu\u00eddos Inclu\u00eddos<\/h2>\t\t\t\t<\/div>\n\t\t\t\t<\/div>\n\t\t\t\t\t<\/div>\n\t\t\t\t<\/div>\n\t\t<div class=\"elementor-element elementor-element-3ddcdf5c e-flex e-con-boxed e-con e-parent\" data-id=\"3ddcdf5c\" data-element_type=\"container\">\n\t\t\t\t\t<div class=\"e-con-inner\">\n\t\t<div class=\"elementor-element elementor-element-549762cd e-con-full e-flex e-con e-parent\" data-id=\"549762cd\" data-element_type=\"container\">\n\t\t\t\t<div class=\"elementor-element elementor-element-26a02b06 elementor-widget elementor-widget-text-editor\" data-id=\"26a02b06\" data-element_type=\"widget\" data-widget_type=\"text-editor.default\">\n\t\t\t\t<div class=\"elementor-widget-container\">\n\t\t\t\t\t\t\t\t\t<p>A elei\u00e7\u00e3o de Abra\u00e3o e Sara e de sua descend\u00eancia \u00e9 um tema, muitas vezes, mal compreendido. O texto de G\u00eanesis 12:1-3 esclarece que essa elei\u00e7\u00e3o n\u00e3o era para faz\u00ea-los melhores, ou porque eram melhores. A elei\u00e7\u00e3o tinha o prop\u00f3sito de fazer deles um canal de ben\u00e7\u00e3o para toda a humanidade. A exclusividade da elei\u00e7\u00e3o, entretanto, confunde n\u00e3o s\u00f3 nossa vis\u00e3o hoje, como confundiu a vis\u00e3o dos pr\u00f3prios escolhidos. Enquanto os escolhidos sentiam-se exclusivos em seu relacionamento com Deus, esqueciam que seu chamado era para serem radicalmente inclusivos com todas as na\u00e7\u00f5es da terra. Ou seja, a elei\u00e7\u00e3o de Israel n\u00e3o tinha nada a ver com suas caracter\u00edsticas intr\u00ednsecas, mas com a gra\u00e7a divina que deveria alcan\u00e7ar todas as na\u00e7\u00f5es e pessoas do mundo. Por isso, a narrativa b\u00edblica est\u00e1 concentrada em apresentar as lutas e dificuldades desse povo em cumprir o prop\u00f3sito divino. Em distintos lugares, o texto b\u00edblico nos aponta gente de fora do povo israelita, gente estranha, estrangeira, que n\u00e3o era escolhida como Israel, expondo uma f\u00e9 maior, um comportamento superior, um relacionamento com Deus mais fiel do que o relacionamento que <br \/>aqueles de dentro, os escolhidos, mantinham com Deus. Na verdade, algumas vezes esses outsiders, esses exclu\u00eddos, tornam-se t\u00e3o parte do povo, t\u00e3o inclu\u00eddos, que n\u00e3o se percebe a diferen\u00e7a entre eles. Essas hist\u00f3rias, desses \u201cexclu\u00eddos inclu\u00eddos\u201d, magnifica a gra\u00e7a e a soberania divina. A \u00eanfase \u00e9: a gra\u00e7a \u00e9 maior que tudo e todos.<br \/>Texto base: Ef\u00e9sios 2:11-22<\/p>\t\t\t\t\t\t\t\t<\/div>\n\t\t\t\t<\/div>\n\t\t\t\t<\/div>\n\t\t<div class=\"elementor-element elementor-element-6fb62275 e-con-full e-flex e-con e-parent\" data-id=\"6fb62275\" data-element_type=\"container\">\n\t\t\t\t<div class=\"elementor-element elementor-element-d1e6d00 elementor-widget elementor-widget-video\" data-id=\"d1e6d00\" data-element_type=\"widget\" data-settings=\"{&quot;youtube_url&quot;:&quot;https:\\\/\\\/www.youtube.com\\\/watch?v=yx8l1hf_xsY&quot;,&quot;video_type&quot;:&quot;youtube&quot;,&quot;controls&quot;:&quot;yes&quot;}\" data-widget_type=\"video.default\">\n\t\t\t\t<div class=\"elementor-widget-container\">\n\t\t\t\t\t\t\t<div class=\"elementor-wrapper elementor-open-inline\">\n\t\t\t<div class=\"elementor-video\"><\/div>\t\t<\/div>\n\t\t\t\t\t\t<\/div>\n\t\t\t\t<\/div>\n\t\t\t\t<div class=\"elementor-element elementor-element-0eb62cc elementor-widget elementor-widget-text-editor\" data-id=\"0eb62cc\" data-element_type=\"widget\" data-widget_type=\"text-editor.default\">\n\t\t\t\t<div class=\"elementor-widget-container\">\n\t\t\t\t\t\t\t\t\t<p>Dois endemoniados s\u00e3o tocados curados por Jesus. N\u00e3o s\u00e3o israelitas, s\u00e3o estrangeiros. A cura deles dos dem\u00f4nios causa uma tremenda agita\u00e7\u00e3o econ\u00f4mica e cultural e Jesus \u00e9 expulso da regi\u00e3o. Ao voltar, uma multid\u00e3o agora o segue, fruto do trabalho de testemunho dos dois curados. Completamente exclu\u00eddos, por serem estrangeiros e estarem endemoniados, tornam-se testemunhas da gra\u00e7a de Jesus. <br \/>Texto base: Marcos 5:1-21<\/p>\t\t\t\t\t\t\t\t<\/div>\n\t\t\t\t<\/div>\n\t\t\t\t<div class=\"elementor-element elementor-element-5798fac elementor-widget elementor-widget-video\" data-id=\"5798fac\" data-element_type=\"widget\" data-settings=\"{&quot;youtube_url&quot;:&quot;https:\\\/\\\/www.youtube.com\\\/watch?v=7uBhOiiz090&quot;,&quot;video_type&quot;:&quot;youtube&quot;,&quot;controls&quot;:&quot;yes&quot;}\" data-widget_type=\"video.default\">\n\t\t\t\t<div class=\"elementor-widget-container\">\n\t\t\t\t\t\t\t<div class=\"elementor-wrapper elementor-open-inline\">\n\t\t\t<div class=\"elementor-video\"><\/div>\t\t<\/div>\n\t\t\t\t\t\t<\/div>\n\t\t\t\t<\/div>\n\t\t\t\t<div class=\"elementor-element elementor-element-87f6c4b elementor-widget elementor-widget-text-editor\" data-id=\"87f6c4b\" data-element_type=\"widget\" data-widget_type=\"text-editor.default\">\n\t\t\t\t<div class=\"elementor-widget-container\">\n\t\t\t\t\t\t\t\t\t<p>A inclus\u00e3o dos exclu\u00eddos n\u00e3o se resume ao Antigo Testamento, obviamente.<br \/>No evangelho de Marcos, uma mulher estrangeira, sem nome, de moral question\u00e1vel e com uma filha endemoniada, completamente impura e, portanto, impossibilitada de pertencer ao &#8220;povo escolhido&#8221;, aproxima-se de Jesus, sendo por ele acolhida de maneira excepcional. Uma completa estranha, torna-se filha. Jesus inicia um processo prof\u00e9tico de fazer alian\u00e7a com muitos, para al\u00e9m dos muros do juda\u00edsmo e da descend\u00eancia de Abra\u00e3o, dando exemplo do que Seus disc\u00edpulos fariam posteriormente.<br \/>Texto base: Marcos 7:24-30<\/p>\t\t\t\t\t\t\t\t<\/div>\n\t\t\t\t<\/div>\n\t\t\t\t<div class=\"elementor-element elementor-element-4be89d4 elementor-widget elementor-widget-video\" data-id=\"4be89d4\" data-element_type=\"widget\" data-settings=\"{&quot;youtube_url&quot;:&quot;https:\\\/\\\/www.youtube.com\\\/watch?v=8qYsvXpGhPM&quot;,&quot;video_type&quot;:&quot;youtube&quot;,&quot;controls&quot;:&quot;yes&quot;}\" data-widget_type=\"video.default\">\n\t\t\t\t<div class=\"elementor-widget-container\">\n\t\t\t\t\t\t\t<div class=\"elementor-wrapper elementor-open-inline\">\n\t\t\t<div class=\"elementor-video\"><\/div>\t\t<\/div>\n\t\t\t\t\t\t<\/div>\n\t\t\t\t<\/div>\n\t\t\t\t<div class=\"elementor-element elementor-element-6e0c3bd elementor-widget elementor-widget-text-editor\" data-id=\"6e0c3bd\" data-element_type=\"widget\" data-widget_type=\"text-editor.default\">\n\t\t\t\t<div class=\"elementor-widget-container\">\n\t\t\t\t\t\t\t\t\t<p>Um oficial militar de um ex\u00e9rcito inimigo de Israel encontra cura para sua doen\u00e7a atrav\u00e9s do profeta Eliseu. Apesar da hist\u00f3ria n\u00e3o terminar de maneira t\u00e3o comovente e profunda quanto as que terminam com uma mudan\u00e7a de status significativa, de exclu\u00eddo a plenamente inclu\u00eddo, Naam\u00e3 representa um grupo grande de pessoas. Como Naam\u00e3, muitos podem n\u00e3o passar a fazer parte do povo de Deus plenamente e manter sua identidade estrangeira, de outsider, mas foram tocados, transformados e curados pela gra\u00e7a divina.<br \/>Texto base: 2 Reis 5<\/p>\t\t\t\t\t\t\t\t<\/div>\n\t\t\t\t<\/div>\n\t\t\t\t<div class=\"elementor-element elementor-element-a9458f9 elementor-widget elementor-widget-video\" data-id=\"a9458f9\" data-element_type=\"widget\" data-settings=\"{&quot;youtube_url&quot;:&quot;https:\\\/\\\/www.youtube.com\\\/watch?v=fUs45KE2G5c&quot;,&quot;video_type&quot;:&quot;youtube&quot;,&quot;controls&quot;:&quot;yes&quot;}\" data-widget_type=\"video.default\">\n\t\t\t\t<div class=\"elementor-widget-container\">\n\t\t\t\t\t\t\t<div class=\"elementor-wrapper elementor-open-inline\">\n\t\t\t<div class=\"elementor-video\"><\/div>\t\t<\/div>\n\t\t\t\t\t\t<\/div>\n\t\t\t\t<\/div>\n\t\t\t\t<div class=\"elementor-element elementor-element-fccb298 elementor-widget elementor-widget-text-editor\" data-id=\"fccb298\" data-element_type=\"widget\" data-widget_type=\"text-editor.default\">\n\t\t\t\t<div class=\"elementor-widget-container\">\n\t\t\t\t\t\t\t\t\t<p>Em dois momentos distintos em que o povo de Israel estava prestes a entrar na terra que Deus havia prometida a Abra\u00e3o, dois estrangeiros protagonizam demonstra\u00e7\u00f5es de uma f\u00e9 madura e inabal\u00e1vel. Calebe e Raabe d\u00e3o testemunho da confian\u00e7a irrestrita que tinham em Deus, motivando o povo de Israel a vencer o medo. A hist\u00f3ria de ambos \u00e9 um lembrete de que o pertencimento ao povo de Deus n\u00e3o se dava por la\u00e7os de sangue, mas por relacionamento com Deus.<br \/>Texto base: N\u00fameros 13 e 14; Josu\u00e9 2<\/p>\t\t\t\t\t\t\t\t<\/div>\n\t\t\t\t<\/div>\n\t\t\t\t<div class=\"elementor-element elementor-element-0349d1a elementor-widget elementor-widget-video\" data-id=\"0349d1a\" data-element_type=\"widget\" data-settings=\"{&quot;youtube_url&quot;:&quot;https:\\\/\\\/www.youtube.com\\\/watch?v=TahXFdnHUhg&quot;,&quot;video_type&quot;:&quot;youtube&quot;,&quot;controls&quot;:&quot;yes&quot;}\" data-widget_type=\"video.default\">\n\t\t\t\t<div class=\"elementor-widget-container\">\n\t\t\t\t\t\t\t<div class=\"elementor-wrapper elementor-open-inline\">\n\t\t\t<div class=\"elementor-video\"><\/div>\t\t<\/div>\n\t\t\t\t\t\t<\/div>\n\t\t\t\t<\/div>\n\t\t\t\t<div class=\"elementor-element elementor-element-c5008c5 elementor-widget elementor-widget-text-editor\" data-id=\"c5008c5\" data-element_type=\"widget\" data-widget_type=\"text-editor.default\">\n\t\t\t\t<div class=\"elementor-widget-container\">\n\t\t\t\t\t\t\t\t\t<p>Tamar \u00e9 uma mulher estrangeira que protagoniza, juntamente com Jud\u00e1, uma das hist\u00f3rias mais bizarras de G\u00eanesis. Usando t\u00e1ticas eticamente controversas, Tamar busca justi\u00e7a para sua causa. Completamente exclu\u00edda por ser canaanita, ela passa a fazer parte da fam\u00edlia escolhida e da genealogia do Messias narrada no evangelho de Mateus. Sua hist\u00f3ria demonstra como a gra\u00e7a divina vai al\u00e9m das nossas concep\u00e7\u00f5es de \u00e9tica e justi\u00e7a. Texto base: G\u00eanesis 38<\/p>\t\t\t\t\t\t\t\t<\/div>\n\t\t\t\t<\/div>\n\t\t\t\t<div class=\"elementor-element elementor-element-700c327f elementor-widget elementor-widget-video\" data-id=\"700c327f\" data-element_type=\"widget\" data-settings=\"{&quot;youtube_url&quot;:&quot;https:\\\/\\\/www.youtube.com\\\/watch?v=3Yj_Ff-6w74&quot;,&quot;video_type&quot;:&quot;youtube&quot;,&quot;controls&quot;:&quot;yes&quot;}\" data-widget_type=\"video.default\">\n\t\t\t\t<div class=\"elementor-widget-container\">\n\t\t\t\t\t\t\t<div class=\"elementor-wrapper elementor-open-inline\">\n\t\t\t<div class=\"elementor-video\"><\/div>\t\t<\/div>\n\t\t\t\t\t\t<\/div>\n\t\t\t\t<\/div>\n\t\t\t\t<div class=\"elementor-element elementor-element-3c9d3cdb elementor-widget elementor-widget-text-editor\" data-id=\"3c9d3cdb\" data-element_type=\"widget\" data-widget_type=\"text-editor.default\">\n\t\t\t\t<div class=\"elementor-widget-container\">\n\t\t\t\t\t\t\t\t\t<p>Dois personagens vistos negativamente pela maior parte da religiosidade crist\u00e3 s\u00e3o os irm\u00e3os n\u00e3o-eleitos. Ismael, o filho da escrava, e Esa\u00fa, o irm\u00e3o imprudente e impulsivo, s\u00e3o claramente exclu\u00eddos, j\u00e1 que Isaque e Jac\u00f3 carregam o peso da elei\u00e7\u00e3o divina. A percep\u00e7\u00e3o da n\u00e3o- escolha e dos conflitos posteriores entre Israel e os seus vizinhos, descendentes de Esa\u00fa e Ismael, acabam cegando o leitor para passagens altamente positivas de suas vidas, na narrativa de G\u00eanesis. Ambos s\u00e3o aben\u00e7oados e em ambos repousa a gra\u00e7a divina.<br \/>Texto base: G\u00eanesis 16, 21, 25, 27 e 33.<\/p>\t\t\t\t\t\t\t\t<\/div>\n\t\t\t\t<\/div>\n\t\t\t\t<\/div>\n\t\t\t\t\t<\/div>\n\t\t\t\t<\/div>\n\t\t\t\t<\/div>\n\t\t","protected":false},"excerpt":{"rendered":"<p>Exclu\u00eddos Inclu\u00eddos A elei\u00e7\u00e3o de Abra\u00e3o e Sara e de sua descend\u00eancia \u00e9 um tema, muitas vezes, mal compreendido. O texto de G\u00eanesis 12:1-3 esclarece que essa elei\u00e7\u00e3o n\u00e3o era para faz\u00ea-los melhores, ou porque eram melhores. A elei\u00e7\u00e3o tinha o prop\u00f3sito de fazer deles um canal de ben\u00e7\u00e3o para toda a humanidade. A exclusividade&hellip;&nbsp;<a href=\"https:\/\/umlugarcomunidade.com.br\/?page_id=2145\" rel=\"bookmark\">Continue a ler &raquo;<span class=\"screen-reader-text\">S\u00e9rie Exclu\u00eddos e Inclu\u00eddos<\/span><\/a><\/p>\n","protected":false},"author":1,"featured_media":0,"parent":0,"menu_order":0,"comment_status":"closed","ping_status":"closed","template":"elementor_header_footer","meta":{"neve_meta_sidebar":"","neve_meta_container":"","neve_meta_enable_content_width":"","neve_meta_content_width":0,"neve_meta_title_alignment":"","neve_meta_author_avatar":"","neve_post_elements_order":"","neve_meta_disable_header":"","neve_meta_disable_footer":"","neve_meta_disable_title":"","footnotes":""},"class_list":["post-2145","page","type-page","status-publish","hentry"],"_links":{"self":[{"href":"https:\/\/umlugarcomunidade.com.br\/index.php?rest_route=\/wp\/v2\/pages\/2145","targetHints":{"allow":["GET"]}}],"collection":[{"href":"https:\/\/umlugarcomunidade.com.br\/index.php?rest_route=\/wp\/v2\/pages"}],"about":[{"href":"https:\/\/umlugarcomunidade.com.br\/index.php?rest_route=\/wp\/v2\/types\/page"}],"author":[{"embeddable":true,"href":"https:\/\/umlugarcomunidade.com.br\/index.php?rest_route=\/wp\/v2\/users\/1"}],"replies":[{"embeddable":true,"href":"https:\/\/umlugarcomunidade.com.br\/index.php?rest_route=%2Fwp%2Fv2%2Fcomments&post=2145"}],"version-history":[{"count":28,"href":"https:\/\/umlugarcomunidade.com.br\/index.php?rest_route=\/wp\/v2\/pages\/2145\/revisions"}],"predecessor-version":[{"id":2212,"href":"https:\/\/umlugarcomunidade.com.br\/index.php?rest_route=\/wp\/v2\/pages\/2145\/revisions\/2212"}],"wp:attachment":[{"href":"https:\/\/umlugarcomunidade.com.br\/index.php?rest_route=%2Fwp%2Fv2%2Fmedia&parent=2145"}],"curies":[{"name":"wp","href":"https:\/\/api.w.org\/{rel}","templated":true}]}}