{"id":1176,"date":"2023-04-09T14:39:30","date_gmt":"2023-04-09T17:39:30","guid":{"rendered":"https:\/\/umlugarcomunidade.com.br\/wp\/?page_id=1176"},"modified":"2025-08-11T18:19:42","modified_gmt":"2025-08-11T21:19:42","slug":"quem-somos","status":"publish","type":"page","link":"https:\/\/umlugarcomunidade.com.br\/?page_id=1176","title":{"rendered":"QUEM SOMOS"},"content":{"rendered":"\t\t<div data-elementor-type=\"wp-page\" data-elementor-id=\"1176\" class=\"elementor elementor-1176\">\n\t\t\t\t<div class=\"elementor-element elementor-element-832eb8a e-flex e-con-boxed e-con e-parent\" data-id=\"832eb8a\" data-element_type=\"container\">\n\t\t\t\t\t<div class=\"e-con-inner\">\n\t\t\t\t<div class=\"elementor-element elementor-element-74f3cff elementor-invisible elementor-widget elementor-widget-heading\" data-id=\"74f3cff\" data-element_type=\"widget\" data-settings=\"{&quot;_animation&quot;:&quot;fadeIn&quot;}\" data-widget_type=\"heading.default\">\n\t\t\t\t<div class=\"elementor-widget-container\">\n\t\t\t\t\t<h2 class=\"elementor-heading-title elementor-size-default\">QUEM SOMOS<\/h2>\t\t\t\t<\/div>\n\t\t\t\t<\/div>\n\t\t\t\t\t<\/div>\n\t\t\t\t<\/div>\n\t\t<div class=\"elementor-element elementor-element-b7719dd e-flex e-con-boxed e-con e-parent\" data-id=\"b7719dd\" data-element_type=\"container\">\n\t\t\t\t\t<div class=\"e-con-inner\">\n\t\t<div class=\"elementor-element elementor-element-86c4e5f e-con-full e-flex e-con e-child\" data-id=\"86c4e5f\" data-element_type=\"container\">\n\t\t\t\t<div class=\"elementor-element elementor-element-28ac4fd elementor-widget elementor-widget-text-editor\" data-id=\"28ac4fd\" data-element_type=\"widget\" data-widget_type=\"text-editor.default\">\n\t\t\t\t<div class=\"elementor-widget-container\">\n\t\t\t\t\t\t\t\t\t<p>A comunidade que estamos criando e queremos criar est\u00e1 centrada na pessoa de Jesus e possui um \u00fanico prop\u00f3sito: viver e espalhar o Amor de Cristo at\u00e9 que Ele volte. <br \/><br \/>A nossa busca \u00e9 por oferecer acolhimento, conforto, justi\u00e7a, gra\u00e7a e Amor a toda e qualquer pessoa, independentemente de cor, ra\u00e7a, etnia, sexualidade e religi\u00e3o; essa \u00e9 a miss\u00e3o que arde em nossos cora\u00e7\u00f5es.<br \/><br \/>Voc\u00ea \u2013n\u00e3o importa de onde venha, onde esteja ou como se encontra\u2013 \u00e9 bem vindo aqui.<\/p>\t\t\t\t\t\t\t\t<\/div>\n\t\t\t\t<\/div>\n\t\t\t\t<\/div>\n\t\t<div class=\"elementor-element elementor-element-49c5f6f e-con-full e-flex e-con e-child\" data-id=\"49c5f6f\" data-element_type=\"container\">\n\t\t\t\t<div class=\"elementor-element elementor-element-9f382de elementor-widget elementor-widget-image\" data-id=\"9f382de\" data-element_type=\"widget\" data-widget_type=\"image.default\">\n\t\t\t\t<div class=\"elementor-widget-container\">\n\t\t\t\t\t\t\t\t\t\t\t\t\t\t\t<img fetchpriority=\"high\" decoding=\"async\" width=\"1024\" height=\"683\" src=\"https:\/\/umlugarcomunidade.com.br\/wp\/wp-content\/uploads\/2023\/04\/ComUnidade-19-2-1024x683.jpg\" class=\"attachment-large size-large wp-image-783\" alt=\"\" srcset=\"https:\/\/umlugarcomunidade.com.br\/wp\/wp-content\/uploads\/2023\/04\/ComUnidade-19-2-1024x683.jpg 1024w, https:\/\/umlugarcomunidade.com.br\/wp\/wp-content\/uploads\/2023\/04\/ComUnidade-19-2-300x200.jpg 300w, https:\/\/umlugarcomunidade.com.br\/wp\/wp-content\/uploads\/2023\/04\/ComUnidade-19-2-768x512.jpg 768w, https:\/\/umlugarcomunidade.com.br\/wp\/wp-content\/uploads\/2023\/04\/ComUnidade-19-2-1536x1024.jpg 1536w, https:\/\/umlugarcomunidade.com.br\/wp\/wp-content\/uploads\/2023\/04\/ComUnidade-19-2-2048x1365.jpg 2048w, https:\/\/umlugarcomunidade.com.br\/wp\/wp-content\/uploads\/2023\/04\/ComUnidade-19-2-930x620.jpg 930w, https:\/\/umlugarcomunidade.com.br\/wp\/wp-content\/uploads\/2023\/04\/ComUnidade-19-2-scaled-400x267.jpg 400w\" sizes=\"(max-width: 1024px) 100vw, 1024px\" \/>\t\t\t\t\t\t\t\t\t\t\t\t\t\t\t<\/div>\n\t\t\t\t<\/div>\n\t\t\t\t<\/div>\n\t\t\t\t\t<\/div>\n\t\t\t\t<\/div>\n\t\t\t\t<\/div>\n\t\t","protected":false},"excerpt":{"rendered":"<p>QUEM SOMOS A comunidade que estamos criando e queremos criar est\u00e1 centrada na pessoa de Jesus e possui um \u00fanico prop\u00f3sito: viver e espalhar o Amor de Cristo at\u00e9 que Ele volte. A nossa busca \u00e9 por oferecer acolhimento, conforto, justi\u00e7a, gra\u00e7a e Amor a toda e qualquer pessoa, independentemente de cor, ra\u00e7a, etnia, sexualidade&hellip;&nbsp;<a href=\"https:\/\/umlugarcomunidade.com.br\/?page_id=1176\" rel=\"bookmark\">Continue a ler &raquo;<span class=\"screen-reader-text\">QUEM SOMOS<\/span><\/a><\/p>\n","protected":false},"author":1,"featured_media":0,"parent":0,"menu_order":0,"comment_status":"closed","ping_status":"closed","template":"elementor_header_footer","meta":{"neve_meta_sidebar":"","neve_meta_container":"","neve_meta_enable_content_width":"","neve_meta_content_width":0,"neve_meta_title_alignment":"","neve_meta_author_avatar":"","neve_post_elements_order":"","neve_meta_disable_header":"","neve_meta_disable_footer":"","neve_meta_disable_title":"","footnotes":""},"class_list":["post-1176","page","type-page","status-publish","hentry"],"_links":{"self":[{"href":"https:\/\/umlugarcomunidade.com.br\/index.php?rest_route=\/wp\/v2\/pages\/1176","targetHints":{"allow":["GET"]}}],"collection":[{"href":"https:\/\/umlugarcomunidade.com.br\/index.php?rest_route=\/wp\/v2\/pages"}],"about":[{"href":"https:\/\/umlugarcomunidade.com.br\/index.php?rest_route=\/wp\/v2\/types\/page"}],"author":[{"embeddable":true,"href":"https:\/\/umlugarcomunidade.com.br\/index.php?rest_route=\/wp\/v2\/users\/1"}],"replies":[{"embeddable":true,"href":"https:\/\/umlugarcomunidade.com.br\/index.php?rest_route=%2Fwp%2Fv2%2Fcomments&post=1176"}],"version-history":[{"count":31,"href":"https:\/\/umlugarcomunidade.com.br\/index.php?rest_route=\/wp\/v2\/pages\/1176\/revisions"}],"predecessor-version":[{"id":2886,"href":"https:\/\/umlugarcomunidade.com.br\/index.php?rest_route=\/wp\/v2\/pages\/1176\/revisions\/2886"}],"wp:attachment":[{"href":"https:\/\/umlugarcomunidade.com.br\/index.php?rest_route=%2Fwp%2Fv2%2Fmedia&parent=1176"}],"curies":[{"name":"wp","href":"https:\/\/api.w.org\/{rel}","templated":true}]}}